{"id":1001,"date":"2023-10-16T14:46:37","date_gmt":"2023-10-16T18:46:37","guid":{"rendered":"http:\/\/lasformasdellibro.com\/?post_type=video_skrn&#038;p=1001"},"modified":"2023-10-16T20:11:22","modified_gmt":"2023-10-17T00:11:22","slug":"alejandro-bruzual","status":"publish","type":"video_skrn","link":"http:\/\/lasformasdellibro.com\/?video_skrn=alejandro-bruzual","title":{"rendered":"Alejandro Bruzual"},"content":{"rendered":"\n<p>La guitarra y la poes\u00eda fueron sus inicios, pero se decant\u00f3 por el ensayo. Alejandro Bruzual es un apasionado insistente \u2014tambi\u00e9n cabe la acepci\u00f3n de \u201cestudioso\u201d\u2014 de las obras de Antonio Lauro y Enrique Bernardo N\u00fa\u00f1ez para que el olvido no sea el protagonista de nuestro tiempo.<\/p>\n\n\n\n<p><strong>Las formas del libro | Episodio 38<br><\/strong><em>Direcci\u00f3n y conducci\u00f3n: <\/em>Ra\u00fal Cazal <br><em>Producci\u00f3n y edici\u00f3n: <\/em>Susana Segovia Gana <br><em>Fotograf\u00eda y sonido: <\/em>Juan Castillo <br><em>C\u00e1maras:<\/em> Karel Mikhail Garc\u00eda y Eduardo Rodr\u00edguez <br><em>M\u00fasica:<\/em> Pedro Mar\u00edn <br><em>Agradecimientos:<\/em> Centro de Estudios Latinoamericanos y Caribe\u00f1os R\u00f3mulo Gallegos &#8211; Celarg. <br>Al proyecto Cultural DMENTESVLA y su exposici\u00f3n denominada DESDE EL ARCHIVO: COLECCI\u00d3N SOBERANO ESTILO.<\/p>\n","protected":false},"excerpt":{"rendered":"<p>La guitarra y la poes\u00eda fueron sus inicios, pero se decant\u00f3 por el ensayo. Alejandro Bruzual es un apasionado insistente \u2014tambi\u00e9n cabe la acepci\u00f3n de \u201cestudioso\u201d\u2014 de las obras de Antonio Lauro y Enrique Bernardo N\u00fa\u00f1ez para que el olvido no sea el protagonista de nuestro tiemp<\/p>\n","protected":false},"featured_media":1002,"comment_status":"open","ping_status":"closed","template":"","video-type":[4],"video-genres":[],"video-category":[27],"video-cast":[],"video-director":[],"yoast_head":"<!-- This site is optimized with the Yoast SEO plugin v20.6 - https:\/\/yoast.com\/wordpress\/plugins\/seo\/ -->\n<title>Alejandro Bruzual | Las formas del libro<\/title>\n<meta name=\"description\" content=\"La guitarra y la poes\u00eda fueron sus inicios, pero se decant\u00f3 por el ensayo. Alejandro Bruzual es un apasionado insistente \u2014tambi\u00e9n cabe la acepci\u00f3n de \u201cestudioso\u201d\u2014 de las obras de Antonio Lauro y Enrique Bernardo N\u00fa\u00f1ez para que el olvido no sea el protagonista de nuestro tiemp\" \/>\n<meta name=\"robots\" content=\"index, follow, max-snippet:-1, max-image-preview:large, max-video-preview:-1\" \/>\n<link rel=\"canonical\" href=\"http:\/\/lasformasdellibro.com\/?video_skrn=alejandro-bruzual\" \/>\n<meta property=\"og:locale\" content=\"es_ES\" \/>\n<meta property=\"og:type\" content=\"article\" \/>\n<meta property=\"og:title\" content=\"Alejandro Bruzual | Las formas del libro | Episodio 38\" \/>\n<meta property=\"og:description\" content=\"La guitarra y la poes\u00eda fueron sus inicios, pero se decant\u00f3 por el ensayo. Alejandro Bruzual es un apasionado insistente \u2014tambi\u00e9n cabe la acepci\u00f3n de \u201cestudioso\u201d\u2014 de las obras de Antonio Lauro y Enrique Bernardo N\u00fa\u00f1ez para que el olvido no sea el protagonista de nuestro tiempo\" \/>\n<meta property=\"og:url\" content=\"http:\/\/lasformasdellibro.com\/?video_skrn=alejandro-bruzual\" \/>\n<meta property=\"og:site_name\" content=\"Las formas del libro\" \/>\n<meta property=\"article:publisher\" content=\"https:\/\/www.facebook.com\/Las-formas-del-libro-102317785840531\" \/>\n<meta property=\"article:modified_time\" content=\"2023-10-17T00:11:22+00:00\" \/>\n<meta property=\"og:image\" content=\"http:\/\/lasformasdellibro.com\/wp-content\/uploads\/2023\/10\/Alejandro-Bruzual.jpeg\" \/>\n\t<meta property=\"og:image:width\" content=\"1280\" \/>\n\t<meta property=\"og:image:height\" content=\"720\" \/>\n\t<meta property=\"og:image:type\" content=\"image\/jpeg\" \/>\n<meta name=\"twitter:card\" content=\"summary_large_image\" \/>\n<meta name=\"twitter:title\" content=\"Alejandro Bruzual | Las formas del libro | Episodio 38\" \/>\n<meta name=\"twitter:description\" content=\"La guitarra y la poes\u00eda fueron sus inicios, pero se decant\u00f3 por el ensayo. Alejandro Bruzual es un apasionado insistente \u2014tambi\u00e9n cabe la acepci\u00f3n de \u201cestudioso\u201d\u2014 de las obras de Antonio Lauro y Enrique Bernardo N\u00fa\u00f1ez para que el olvido no sea el protagonista de nuestro tiempo\" \/>\n<meta name=\"twitter:image\" content=\"http:\/\/lasformasdellibro.com\/wp-content\/uploads\/2023\/10\/Alejandro-Bruzual.jpeg\" \/>\n<meta name=\"twitter:site\" content=\"@formasdel_libro\" \/>\n<meta name=\"twitter:label1\" content=\"Tiempo de lectura\" \/>\n\t<meta name=\"twitter:data1\" content=\"1 minuto\" \/>\n<script type=\"application\/ld+json\" class=\"yoast-schema-graph\">{\"@context\":\"https:\/\/schema.org\",\"@graph\":[{\"@type\":\"WebPage\",\"@id\":\"http:\/\/lasformasdellibro.com\/?video_skrn=alejandro-bruzual\",\"url\":\"http:\/\/lasformasdellibro.com\/?video_skrn=alejandro-bruzual\",\"name\":\"Alejandro Bruzual | Las formas del libro\",\"isPartOf\":{\"@id\":\"http:\/\/lasformasdellibro.com\/#website\"},\"datePublished\":\"2023-10-16T18:46:37+00:00\",\"dateModified\":\"2023-10-17T00:11:22+00:00\",\"description\":\"La guitarra y la poes\u00eda fueron sus inicios, pero se decant\u00f3 por el ensayo. Alejandro Bruzual es un apasionado insistente \u2014tambi\u00e9n cabe la acepci\u00f3n de \u201cestudioso\u201d\u2014 de las obras de Antonio Lauro y Enrique Bernardo N\u00fa\u00f1ez para que el olvido no sea el protagonista de nuestro tiemp\",\"breadcrumb\":{\"@id\":\"http:\/\/lasformasdellibro.com\/?video_skrn=alejandro-bruzual#breadcrumb\"},\"inLanguage\":\"es\",\"potentialAction\":[{\"@type\":\"ReadAction\",\"target\":[\"http:\/\/lasformasdellibro.com\/?video_skrn=alejandro-bruzual\"]}]},{\"@type\":\"BreadcrumbList\",\"@id\":\"http:\/\/lasformasdellibro.com\/?video_skrn=alejandro-bruzual#breadcrumb\",\"itemListElement\":[{\"@type\":\"ListItem\",\"position\":1,\"name\":\"Home\",\"item\":\"http:\/\/lasformasdellibro.com\/\"},{\"@type\":\"ListItem\",\"position\":2,\"name\":\"Videos\",\"item\":\"http:\/\/lasformasdellibro.com\/?post_type=video_skrn\"},{\"@type\":\"ListItem\",\"position\":3,\"name\":\"Alejandro Bruzual\"}]},{\"@type\":\"WebSite\",\"@id\":\"http:\/\/lasformasdellibro.com\/#website\",\"url\":\"http:\/\/lasformasdellibro.com\/\",\"name\":\"Las formas del libro\",\"description\":\"Leer para conversar, pensar, analizar, reflexionar, vivir. Dirigido y conducido por Ra\u00fal Cazal. Una producci\u00f3n del Centro Nacional del Libro\u00a0de\u00a0Venezuela.\",\"publisher\":{\"@id\":\"http:\/\/lasformasdellibro.com\/#organization\"},\"potentialAction\":[{\"@type\":\"SearchAction\",\"target\":{\"@type\":\"EntryPoint\",\"urlTemplate\":\"http:\/\/lasformasdellibro.com\/?s={search_term_string}\"},\"query-input\":\"required name=search_term_string\"}],\"inLanguage\":\"es\"},{\"@type\":\"Organization\",\"@id\":\"http:\/\/lasformasdellibro.com\/#organization\",\"name\":\"Las formas del libro\",\"url\":\"http:\/\/lasformasdellibro.com\/\",\"logo\":{\"@type\":\"ImageObject\",\"inLanguage\":\"es\",\"@id\":\"http:\/\/lasformasdellibro.com\/#\/schema\/logo\/image\/\",\"url\":\"http:\/\/lasformasdellibro.com\/wp-content\/uploads\/2023\/01\/Las-formas-del-libro-01.png\",\"contentUrl\":\"http:\/\/lasformasdellibro.com\/wp-content\/uploads\/2023\/01\/Las-formas-del-libro-01.png\",\"width\":1244,\"height\":309,\"caption\":\"Las formas del libro\"},\"image\":{\"@id\":\"http:\/\/lasformasdellibro.com\/#\/schema\/logo\/image\/\"},\"sameAs\":[\"https:\/\/www.facebook.com\/Las-formas-del-libro-102317785840531\",\"https:\/\/twitter.com\/formasdel_libro\",\"http:\/\/www.instagram.com\/formasdel_libro\",\"https:\/\/www.youtube.com\/@lasformasdellibro\",\"https:\/\/t.me\/lasformasdellibro\"]}]}<\/script>\n<!-- \/ Yoast SEO plugin. -->","yoast_head_json":{"title":"Alejandro Bruzual | Las formas del libro","description":"La guitarra y la poes\u00eda fueron sus inicios, pero se decant\u00f3 por el ensayo. Alejandro Bruzual es un apasionado insistente \u2014tambi\u00e9n cabe la acepci\u00f3n de \u201cestudioso\u201d\u2014 de las obras de Antonio Lauro y Enrique Bernardo N\u00fa\u00f1ez para que el olvido no sea el protagonista de nuestro tiemp","robots":{"index":"index","follow":"follow","max-snippet":"max-snippet:-1","max-image-preview":"max-image-preview:large","max-video-preview":"max-video-preview:-1"},"canonical":"http:\/\/lasformasdellibro.com\/?video_skrn=alejandro-bruzual","og_locale":"es_ES","og_type":"article","og_title":"Alejandro Bruzual | Las formas del libro | Episodio 38","og_description":"La guitarra y la poes\u00eda fueron sus inicios, pero se decant\u00f3 por el ensayo. Alejandro Bruzual es un apasionado insistente \u2014tambi\u00e9n cabe la acepci\u00f3n de \u201cestudioso\u201d\u2014 de las obras de Antonio Lauro y Enrique Bernardo N\u00fa\u00f1ez para que el olvido no sea el protagonista de nuestro tiempo","og_url":"http:\/\/lasformasdellibro.com\/?video_skrn=alejandro-bruzual","og_site_name":"Las formas del libro","article_publisher":"https:\/\/www.facebook.com\/Las-formas-del-libro-102317785840531","article_modified_time":"2023-10-17T00:11:22+00:00","og_image":[{"width":1280,"height":720,"url":"http:\/\/lasformasdellibro.com\/wp-content\/uploads\/2023\/10\/Alejandro-Bruzual.jpeg","type":"image\/jpeg"}],"twitter_card":"summary_large_image","twitter_title":"Alejandro Bruzual | Las formas del libro | Episodio 38","twitter_description":"La guitarra y la poes\u00eda fueron sus inicios, pero se decant\u00f3 por el ensayo. Alejandro Bruzual es un apasionado insistente \u2014tambi\u00e9n cabe la acepci\u00f3n de \u201cestudioso\u201d\u2014 de las obras de Antonio Lauro y Enrique Bernardo N\u00fa\u00f1ez para que el olvido no sea el protagonista de nuestro tiempo","twitter_image":"http:\/\/lasformasdellibro.com\/wp-content\/uploads\/2023\/10\/Alejandro-Bruzual.jpeg","twitter_site":"@formasdel_libro","twitter_misc":{"Tiempo de lectura":"1 minuto"},"schema":{"@context":"https:\/\/schema.org","@graph":[{"@type":"WebPage","@id":"http:\/\/lasformasdellibro.com\/?video_skrn=alejandro-bruzual","url":"http:\/\/lasformasdellibro.com\/?video_skrn=alejandro-bruzual","name":"Alejandro Bruzual | Las formas del libro","isPartOf":{"@id":"http:\/\/lasformasdellibro.com\/#website"},"datePublished":"2023-10-16T18:46:37+00:00","dateModified":"2023-10-17T00:11:22+00:00","description":"La guitarra y la poes\u00eda fueron sus inicios, pero se decant\u00f3 por el ensayo. Alejandro Bruzual es un apasionado insistente \u2014tambi\u00e9n cabe la acepci\u00f3n de \u201cestudioso\u201d\u2014 de las obras de Antonio Lauro y Enrique Bernardo N\u00fa\u00f1ez para que el olvido no sea el protagonista de nuestro tiemp","breadcrumb":{"@id":"http:\/\/lasformasdellibro.com\/?video_skrn=alejandro-bruzual#breadcrumb"},"inLanguage":"es","potentialAction":[{"@type":"ReadAction","target":["http:\/\/lasformasdellibro.com\/?video_skrn=alejandro-bruzual"]}]},{"@type":"BreadcrumbList","@id":"http:\/\/lasformasdellibro.com\/?video_skrn=alejandro-bruzual#breadcrumb","itemListElement":[{"@type":"ListItem","position":1,"name":"Home","item":"http:\/\/lasformasdellibro.com\/"},{"@type":"ListItem","position":2,"name":"Videos","item":"http:\/\/lasformasdellibro.com\/?post_type=video_skrn"},{"@type":"ListItem","position":3,"name":"Alejandro Bruzual"}]},{"@type":"WebSite","@id":"http:\/\/lasformasdellibro.com\/#website","url":"http:\/\/lasformasdellibro.com\/","name":"Las formas del libro","description":"Leer para conversar, pensar, analizar, reflexionar, vivir. Dirigido y conducido por Ra\u00fal Cazal. Una producci\u00f3n del Centro Nacional del Libro\u00a0de\u00a0Venezuela.","publisher":{"@id":"http:\/\/lasformasdellibro.com\/#organization"},"potentialAction":[{"@type":"SearchAction","target":{"@type":"EntryPoint","urlTemplate":"http:\/\/lasformasdellibro.com\/?s={search_term_string}"},"query-input":"required name=search_term_string"}],"inLanguage":"es"},{"@type":"Organization","@id":"http:\/\/lasformasdellibro.com\/#organization","name":"Las formas del libro","url":"http:\/\/lasformasdellibro.com\/","logo":{"@type":"ImageObject","inLanguage":"es","@id":"http:\/\/lasformasdellibro.com\/#\/schema\/logo\/image\/","url":"http:\/\/lasformasdellibro.com\/wp-content\/uploads\/2023\/01\/Las-formas-del-libro-01.png","contentUrl":"http:\/\/lasformasdellibro.com\/wp-content\/uploads\/2023\/01\/Las-formas-del-libro-01.png","width":1244,"height":309,"caption":"Las formas del libro"},"image":{"@id":"http:\/\/lasformasdellibro.com\/#\/schema\/logo\/image\/"},"sameAs":["https:\/\/www.facebook.com\/Las-formas-del-libro-102317785840531","https:\/\/twitter.com\/formasdel_libro","http:\/\/www.instagram.com\/formasdel_libro","https:\/\/www.youtube.com\/@lasformasdellibro","https:\/\/t.me\/lasformasdellibro"]}]}},"_links":{"self":[{"href":"http:\/\/lasformasdellibro.com\/index.php?rest_route=\/wp\/v2\/video_skrn\/1001"}],"collection":[{"href":"http:\/\/lasformasdellibro.com\/index.php?rest_route=\/wp\/v2\/video_skrn"}],"about":[{"href":"http:\/\/lasformasdellibro.com\/index.php?rest_route=\/wp\/v2\/types\/video_skrn"}],"replies":[{"embeddable":true,"href":"http:\/\/lasformasdellibro.com\/index.php?rest_route=%2Fwp%2Fv2%2Fcomments&post=1001"}],"wp:featuredmedia":[{"embeddable":true,"href":"http:\/\/lasformasdellibro.com\/index.php?rest_route=\/wp\/v2\/media\/1002"}],"wp:attachment":[{"href":"http:\/\/lasformasdellibro.com\/index.php?rest_route=%2Fwp%2Fv2%2Fmedia&parent=1001"}],"wp:term":[{"taxonomy":"video-type","embeddable":true,"href":"http:\/\/lasformasdellibro.com\/index.php?rest_route=%2Fwp%2Fv2%2Fvideo-type&post=1001"},{"taxonomy":"video-genres","embeddable":true,"href":"http:\/\/lasformasdellibro.com\/index.php?rest_route=%2Fwp%2Fv2%2Fvideo-genres&post=1001"},{"taxonomy":"video-category","embeddable":true,"href":"http:\/\/lasformasdellibro.com\/index.php?rest_route=%2Fwp%2Fv2%2Fvideo-category&post=1001"},{"taxonomy":"video-cast","embeddable":true,"href":"http:\/\/lasformasdellibro.com\/index.php?rest_route=%2Fwp%2Fv2%2Fvideo-cast&post=1001"},{"taxonomy":"video-director","embeddable":true,"href":"http:\/\/lasformasdellibro.com\/index.php?rest_route=%2Fwp%2Fv2%2Fvideo-director&post=1001"}],"curies":[{"name":"wp","href":"https:\/\/api.w.org\/{rel}","templated":true}]}}

<p>La guitarra y la poesía fueron sus inicios, pero se decantó por el ensayo. Alejandro Bruzual es un apasionado insistente —también cabe la acepción de “estudioso”— de las obras de Antonio Lauro y Enrique Bernardo Núñez para que el olvido no sea el protagonista de nuestro tiempo.</p>



<p><strong>Las formas del libro | Episodio 38<br></strong><em>Dirección y conducción: </em>Raúl Cazal <br><em>Producción y edición: </em>Susana Segovia Gana <br><em>Fotografía y sonido: </em>Juan Castillo <br><em>Cámaras:</em> Karel Mikhail García y Eduardo Rodríguez <br><em>Música:</em> Pedro Marín <br><em>Agradecimientos:</em> Centro de Estudios Latinoamericanos y Caribeños Rómulo Gallegos &#8211; Celarg. <br>Al proyecto Cultural DMENTESVLA y su exposición denominada DESDE EL ARCHIVO: COLECCIÓN SOBERANO ESTILO.</p>

<p>La guitarra y la poesía fueron sus inicios, pero se decantó por el ensayo. Alejandro Bruzual es un apasionado insistente —también cabe la acepción de “estudioso”— de las obras de Antonio Lauro y Enrique Bernardo Núñez para que el olvido no sea el protagonista de nuestro tiemp</p>

<!-- This site is optimized with the Yoast SEO plugin v20.6 - https://yoast.com/wordpress/plugins/seo/ -->
<title>Alejandro Bruzual | Las formas del libro</title>
<meta name="description" content="La guitarra y la poesía fueron sus inicios, pero se decantó por el ensayo. Alejandro Bruzual es un apasionado insistente —también cabe la acepción de “estudioso”— de las obras de Antonio Lauro y Enrique Bernardo Núñez para que el olvido no sea el protagonista de nuestro tiemp" />
<meta name="robots" content="index, follow, max-snippet:-1, max-image-preview:large, max-video-preview:-1" />
<link rel="canonical" href="http://lasformasdellibro.com/?video_skrn=alejandro-bruzual" />
<meta property="og:locale" content="es_ES" />
<meta property="og:type" content="article" />
<meta property="og:title" content="Alejandro Bruzual | Las formas del libro | Episodio 38" />
<meta property="og:description" content="La guitarra y la poesía fueron sus inicios, pero se decantó por el ensayo. Alejandro Bruzual es un apasionado insistente —también cabe la acepción de “estudioso”— de las obras de Antonio Lauro y Enrique Bernardo Núñez para que el olvido no sea el protagonista de nuestro tiempo" />
<meta property="og:url" content="http://lasformasdellibro.com/?video_skrn=alejandro-bruzual" />
<meta property="og:site_name" content="Las formas del libro" />
<meta property="article:publisher" content="https://www.facebook.com/Las-formas-del-libro-102317785840531" />
<meta property="article:modified_time" content="2023-10-17T00:11:22+00:00" />
<meta property="og:image" content="http://lasformasdellibro.com/wp-content/uploads/2023/10/Alejandro-Bruzual.jpeg" />
	<meta property="og:image:width" content="1280" />
	<meta property="og:image:height" content="720" />
	<meta property="og:image:type" content="image/jpeg" />
<meta name="twitter:card" content="summary_large_image" />
<meta name="twitter:title" content="Alejandro Bruzual | Las formas del libro | Episodio 38" />
<meta name="twitter:description" content="La guitarra y la poesía fueron sus inicios, pero se decantó por el ensayo. Alejandro Bruzual es un apasionado insistente —también cabe la acepción de “estudioso”— de las obras de Antonio Lauro y Enrique Bernardo Núñez para que el olvido no sea el protagonista de nuestro tiempo" />
<meta name="twitter:image" content="http://lasformasdellibro.com/wp-content/uploads/2023/10/Alejandro-Bruzual.jpeg" />
<meta name="twitter:site" content="@formasdel_libro" />
<meta name="twitter:label1" content="Tiempo de lectura" />
	<meta name="twitter:data1" content="1 minuto" />
<script type="application/ld+json" class="yoast-schema-graph">{"@context":"https://schema.org","@graph":[{"@type":"WebPage","@id":"http://lasformasdellibro.com/?video_skrn=alejandro-bruzual","url":"http://lasformasdellibro.com/?video_skrn=alejandro-bruzual","name":"Alejandro Bruzual | Las formas del libro","isPartOf":{"@id":"http://lasformasdellibro.com/#website"},"datePublished":"2023-10-16T18:46:37+00:00","dateModified":"2023-10-17T00:11:22+00:00","description":"La guitarra y la poesía fueron sus inicios, pero se decantó por el ensayo. Alejandro Bruzual es un apasionado insistente —también cabe la acepción de “estudioso”— de las obras de Antonio Lauro y Enrique Bernardo Núñez para que el olvido no sea el protagonista de nuestro tiemp","breadcrumb":{"@id":"http://lasformasdellibro.com/?video_skrn=alejandro-bruzual#breadcrumb"},"inLanguage":"es","potentialAction":[{"@type":"ReadAction","target":["http://lasformasdellibro.com/?video_skrn=alejandro-bruzual"]}]},{"@type":"BreadcrumbList","@id":"http://lasformasdellibro.com/?video_skrn=alejandro-bruzual#breadcrumb","itemListElement":[{"@type":"ListItem","position":1,"name":"Home","item":"http://lasformasdellibro.com/"},{"@type":"ListItem","position":2,"name":"Videos","item":"http://lasformasdellibro.com/?post_type=video_skrn"},{"@type":"ListItem","position":3,"name":"Alejandro Bruzual"}]},{"@type":"WebSite","@id":"http://lasformasdellibro.com/#website","url":"http://lasformasdellibro.com/","name":"Las formas del libro","description":"Leer para conversar, pensar, analizar, reflexionar, vivir. Dirigido y conducido por Raúl Cazal. Una producción del Centro Nacional del Libro de Venezuela.","publisher":{"@id":"http://lasformasdellibro.com/#organization"},"potentialAction":[{"@type":"SearchAction","target":{"@type":"EntryPoint","urlTemplate":"http://lasformasdellibro.com/?s={search_term_string}"},"query-input":"required name=search_term_string"}],"inLanguage":"es"},{"@type":"Organization","@id":"http://lasformasdellibro.com/#organization","name":"Las formas del libro","url":"http://lasformasdellibro.com/","logo":{"@type":"ImageObject","inLanguage":"es","@id":"http://lasformasdellibro.com/#/schema/logo/image/","url":"http://lasformasdellibro.com/wp-content/uploads/2023/01/Las-formas-del-libro-01.png","contentUrl":"http://lasformasdellibro.com/wp-content/uploads/2023/01/Las-formas-del-libro-01.png","width":1244,"height":309,"caption":"Las formas del libro"},"image":{"@id":"http://lasformasdellibro.com/#/schema/logo/image/"},"sameAs":["https://www.facebook.com/Las-formas-del-libro-102317785840531","https://twitter.com/formasdel_libro","http://www.instagram.com/formasdel_libro","https://www.youtube.com/@lasformasdellibro","https://t.me/lasformasdellibro"]}]}</script>
<!-- / Yoast SEO plugin. -->

La guitarra y la poesía fueron sus inicios, pero se decantó por el ensayo. Alejandro Bruzual es un apasionado insistente —también cabe la acepción de “estudioso”— de las obras de Antonio Lauro y Enrique Bernardo Núñez para que el olvido no sea el protagonista de nuestro tiemp

La guitarra y la poesía fueron sus inicios, pero se decantó por el ensayo. Alejandro Bruzual es un apasionado insistente —también cabe la acepción de “estudioso”— de las obras de Antonio Lauro y Enrique Bernardo Núñez para que el olvido no sea el protagonista de nuestro tiempo

Leer para conversar, pensar, analizar, reflexionar, vivir. Dirigido y conducido por Raúl Cazal. Una producción del Centro Nacional del Libro de Venezuela.
