{"id":1258,"date":"2025-08-26T10:00:00","date_gmt":"2025-08-26T14:00:00","guid":{"rendered":"http:\/\/lasformasdellibro.com\/?post_type=video_skrn&#038;p=1258"},"modified":"2025-09-12T18:02:18","modified_gmt":"2025-09-12T22:02:18","slug":"vicente-battista","status":"publish","type":"video_skrn","link":"http:\/\/lasformasdellibro.com\/?video_skrn=vicente-battista","title":{"rendered":"Vicente Battista"},"content":{"rendered":"\n<p>Narrar \u2014y charlar, tambi\u00e9n\u2014 es parte fundamental en la vida del escritor argentino Vicente Battista. En conversaci\u00f3n con Ra\u00fal Cazal en Las formas del libro hizo un paseo por su obra y sus contempor\u00e1neos. <\/p>\n\n\n\n<p>Las formas del libro | Episodio 57 <\/p>\n\n\n\n<p>Direcci\u00f3n y conducci\u00f3n: Ra\u00fal Cazal <br>Edici\u00f3n, c\u00e1mara y sonido: Juan Jos\u00e9 Espinoza <br>C\u00e1maras: Abraxas Iribarren e Igor Rojas. <br>M\u00fasica: Pedro Mar\u00edn<\/p>\n","protected":false},"excerpt":{"rendered":"<p>Narrar \u2014y charlar, tambi\u00e9n\u2014 es parte fundamental en la vida del escritor argentino Vicente Battista. En conversaci\u00f3n con Ra\u00fal Cazal en Las formas del libro hizo un paseo por su obra y sus contempor\u00e1neos.<\/p>\n","protected":false},"featured_media":1259,"comment_status":"open","ping_status":"closed","template":"","video-type":[4],"video-genres":[],"video-category":[27],"video-cast":[],"video-director":[],"yoast_head":"<!-- This site is optimized with the Yoast SEO plugin v20.6 - https:\/\/yoast.com\/wordpress\/plugins\/seo\/ -->\n<title>Vicente Battista | Las formas del libro<\/title>\n<meta name=\"description\" content=\"Narrar \u2014y charlar, tambi\u00e9n\u2014 es parte fundamental en la vida del escritor argentino Vicente Battista. En conversaci\u00f3n con Ra\u00fal Cazal en Las formas del libro hizo un paseo por su obra y sus contempor\u00e1neos.\" \/>\n<meta name=\"robots\" content=\"index, follow, max-snippet:-1, max-image-preview:large, max-video-preview:-1\" \/>\n<link rel=\"canonical\" href=\"http:\/\/lasformasdellibro.com\/?video_skrn=vicente-battista\" \/>\n<meta property=\"og:locale\" content=\"es_ES\" \/>\n<meta property=\"og:type\" content=\"article\" \/>\n<meta property=\"og:title\" content=\"Vicente Battista | Las formas del libro | Episodio 57\" \/>\n<meta property=\"og:description\" content=\"Narrar \u2014y charlar, tambi\u00e9n\u2014 es parte fundamental en la vida del escritor argentino Vicente Battista. En conversaci\u00f3n con Ra\u00fal Cazal en Las formas del libro hizo un paseo por su obra y sus contempor\u00e1neos.\" \/>\n<meta property=\"og:url\" content=\"http:\/\/lasformasdellibro.com\/?video_skrn=vicente-battista\" \/>\n<meta property=\"og:site_name\" content=\"Las formas del libro\" \/>\n<meta property=\"article:publisher\" content=\"https:\/\/www.facebook.com\/Las-formas-del-libro-102317785840531\" \/>\n<meta property=\"article:modified_time\" content=\"2025-09-12T22:02:18+00:00\" \/>\n<meta property=\"og:image\" content=\"http:\/\/lasformasdellibro.com\/wp-content\/uploads\/2025\/08\/Vicente-Battista-YT.jpg\" \/>\n\t<meta property=\"og:image:width\" content=\"1280\" \/>\n\t<meta property=\"og:image:height\" content=\"720\" \/>\n\t<meta property=\"og:image:type\" content=\"image\/jpeg\" \/>\n<meta name=\"twitter:card\" content=\"summary_large_image\" \/>\n<meta name=\"twitter:title\" content=\"Vicente Battista | Las formas del libro | Episodio 57\" \/>\n<meta name=\"twitter:description\" content=\"Narrar \u2014y charlar, tambi\u00e9n\u2014 es parte fundamental en la vida del escritor argentino Vicente Battista. En conversaci\u00f3n con Ra\u00fal Cazal en Las formas del libro hizo un paseo por su obra y sus contempor\u00e1neos.\" \/>\n<meta name=\"twitter:image\" content=\"http:\/\/lasformasdellibro.com\/wp-content\/uploads\/2025\/08\/Vicente-Battista-YT.jpg\" \/>\n<meta name=\"twitter:site\" content=\"@formasdel_libro\" \/>\n<meta name=\"twitter:label1\" content=\"Tiempo de lectura\" \/>\n\t<meta name=\"twitter:data1\" content=\"1 minuto\" \/>\n<script type=\"application\/ld+json\" class=\"yoast-schema-graph\">{\"@context\":\"https:\/\/schema.org\",\"@graph\":[{\"@type\":\"WebPage\",\"@id\":\"http:\/\/lasformasdellibro.com\/?video_skrn=vicente-battista\",\"url\":\"http:\/\/lasformasdellibro.com\/?video_skrn=vicente-battista\",\"name\":\"Vicente Battista | Las formas del libro\",\"isPartOf\":{\"@id\":\"http:\/\/lasformasdellibro.com\/#website\"},\"datePublished\":\"2025-08-26T14:00:00+00:00\",\"dateModified\":\"2025-09-12T22:02:18+00:00\",\"description\":\"Narrar \u2014y charlar, tambi\u00e9n\u2014 es parte fundamental en la vida del escritor argentino Vicente Battista. En conversaci\u00f3n con Ra\u00fal Cazal en Las formas del libro hizo un paseo por su obra y sus contempor\u00e1neos.\",\"breadcrumb\":{\"@id\":\"http:\/\/lasformasdellibro.com\/?video_skrn=vicente-battista#breadcrumb\"},\"inLanguage\":\"es\",\"potentialAction\":[{\"@type\":\"ReadAction\",\"target\":[\"http:\/\/lasformasdellibro.com\/?video_skrn=vicente-battista\"]}]},{\"@type\":\"BreadcrumbList\",\"@id\":\"http:\/\/lasformasdellibro.com\/?video_skrn=vicente-battista#breadcrumb\",\"itemListElement\":[{\"@type\":\"ListItem\",\"position\":1,\"name\":\"Home\",\"item\":\"http:\/\/lasformasdellibro.com\/\"},{\"@type\":\"ListItem\",\"position\":2,\"name\":\"Videos\",\"item\":\"http:\/\/lasformasdellibro.com\/?post_type=video_skrn\"},{\"@type\":\"ListItem\",\"position\":3,\"name\":\"Vicente Battista\"}]},{\"@type\":\"WebSite\",\"@id\":\"http:\/\/lasformasdellibro.com\/#website\",\"url\":\"http:\/\/lasformasdellibro.com\/\",\"name\":\"Las formas del libro\",\"description\":\"Leer para conversar, pensar, analizar, reflexionar, vivir. Dirigido y conducido por Ra\u00fal Cazal. Una producci\u00f3n del Centro Nacional del Libro\u00a0de\u00a0Venezuela.\",\"publisher\":{\"@id\":\"http:\/\/lasformasdellibro.com\/#organization\"},\"potentialAction\":[{\"@type\":\"SearchAction\",\"target\":{\"@type\":\"EntryPoint\",\"urlTemplate\":\"http:\/\/lasformasdellibro.com\/?s={search_term_string}\"},\"query-input\":\"required name=search_term_string\"}],\"inLanguage\":\"es\"},{\"@type\":\"Organization\",\"@id\":\"http:\/\/lasformasdellibro.com\/#organization\",\"name\":\"Las formas del libro\",\"url\":\"http:\/\/lasformasdellibro.com\/\",\"logo\":{\"@type\":\"ImageObject\",\"inLanguage\":\"es\",\"@id\":\"http:\/\/lasformasdellibro.com\/#\/schema\/logo\/image\/\",\"url\":\"http:\/\/lasformasdellibro.com\/wp-content\/uploads\/2023\/01\/Las-formas-del-libro-01.png\",\"contentUrl\":\"http:\/\/lasformasdellibro.com\/wp-content\/uploads\/2023\/01\/Las-formas-del-libro-01.png\",\"width\":1244,\"height\":309,\"caption\":\"Las formas del libro\"},\"image\":{\"@id\":\"http:\/\/lasformasdellibro.com\/#\/schema\/logo\/image\/\"},\"sameAs\":[\"https:\/\/www.facebook.com\/Las-formas-del-libro-102317785840531\",\"https:\/\/twitter.com\/formasdel_libro\",\"http:\/\/www.instagram.com\/formasdel_libro\",\"https:\/\/www.youtube.com\/@lasformasdellibro\",\"https:\/\/t.me\/lasformasdellibro\"]}]}<\/script>\n<!-- \/ Yoast SEO plugin. -->","yoast_head_json":{"title":"Vicente Battista | Las formas del libro","description":"Narrar \u2014y charlar, tambi\u00e9n\u2014 es parte fundamental en la vida del escritor argentino Vicente Battista. En conversaci\u00f3n con Ra\u00fal Cazal en Las formas del libro hizo un paseo por su obra y sus contempor\u00e1neos.","robots":{"index":"index","follow":"follow","max-snippet":"max-snippet:-1","max-image-preview":"max-image-preview:large","max-video-preview":"max-video-preview:-1"},"canonical":"http:\/\/lasformasdellibro.com\/?video_skrn=vicente-battista","og_locale":"es_ES","og_type":"article","og_title":"Vicente Battista | Las formas del libro | Episodio 57","og_description":"Narrar \u2014y charlar, tambi\u00e9n\u2014 es parte fundamental en la vida del escritor argentino Vicente Battista. En conversaci\u00f3n con Ra\u00fal Cazal en Las formas del libro hizo un paseo por su obra y sus contempor\u00e1neos.","og_url":"http:\/\/lasformasdellibro.com\/?video_skrn=vicente-battista","og_site_name":"Las formas del libro","article_publisher":"https:\/\/www.facebook.com\/Las-formas-del-libro-102317785840531","article_modified_time":"2025-09-12T22:02:18+00:00","og_image":[{"width":1280,"height":720,"url":"http:\/\/lasformasdellibro.com\/wp-content\/uploads\/2025\/08\/Vicente-Battista-YT.jpg","type":"image\/jpeg"}],"twitter_card":"summary_large_image","twitter_title":"Vicente Battista | Las formas del libro | Episodio 57","twitter_description":"Narrar \u2014y charlar, tambi\u00e9n\u2014 es parte fundamental en la vida del escritor argentino Vicente Battista. En conversaci\u00f3n con Ra\u00fal Cazal en Las formas del libro hizo un paseo por su obra y sus contempor\u00e1neos.","twitter_image":"http:\/\/lasformasdellibro.com\/wp-content\/uploads\/2025\/08\/Vicente-Battista-YT.jpg","twitter_site":"@formasdel_libro","twitter_misc":{"Tiempo de lectura":"1 minuto"},"schema":{"@context":"https:\/\/schema.org","@graph":[{"@type":"WebPage","@id":"http:\/\/lasformasdellibro.com\/?video_skrn=vicente-battista","url":"http:\/\/lasformasdellibro.com\/?video_skrn=vicente-battista","name":"Vicente Battista | Las formas del libro","isPartOf":{"@id":"http:\/\/lasformasdellibro.com\/#website"},"datePublished":"2025-08-26T14:00:00+00:00","dateModified":"2025-09-12T22:02:18+00:00","description":"Narrar \u2014y charlar, tambi\u00e9n\u2014 es parte fundamental en la vida del escritor argentino Vicente Battista. En conversaci\u00f3n con Ra\u00fal Cazal en Las formas del libro hizo un paseo por su obra y sus contempor\u00e1neos.","breadcrumb":{"@id":"http:\/\/lasformasdellibro.com\/?video_skrn=vicente-battista#breadcrumb"},"inLanguage":"es","potentialAction":[{"@type":"ReadAction","target":["http:\/\/lasformasdellibro.com\/?video_skrn=vicente-battista"]}]},{"@type":"BreadcrumbList","@id":"http:\/\/lasformasdellibro.com\/?video_skrn=vicente-battista#breadcrumb","itemListElement":[{"@type":"ListItem","position":1,"name":"Home","item":"http:\/\/lasformasdellibro.com\/"},{"@type":"ListItem","position":2,"name":"Videos","item":"http:\/\/lasformasdellibro.com\/?post_type=video_skrn"},{"@type":"ListItem","position":3,"name":"Vicente Battista"}]},{"@type":"WebSite","@id":"http:\/\/lasformasdellibro.com\/#website","url":"http:\/\/lasformasdellibro.com\/","name":"Las formas del libro","description":"Leer para conversar, pensar, analizar, reflexionar, vivir. Dirigido y conducido por Ra\u00fal Cazal. Una producci\u00f3n del Centro Nacional del Libro\u00a0de\u00a0Venezuela.","publisher":{"@id":"http:\/\/lasformasdellibro.com\/#organization"},"potentialAction":[{"@type":"SearchAction","target":{"@type":"EntryPoint","urlTemplate":"http:\/\/lasformasdellibro.com\/?s={search_term_string}"},"query-input":"required name=search_term_string"}],"inLanguage":"es"},{"@type":"Organization","@id":"http:\/\/lasformasdellibro.com\/#organization","name":"Las formas del libro","url":"http:\/\/lasformasdellibro.com\/","logo":{"@type":"ImageObject","inLanguage":"es","@id":"http:\/\/lasformasdellibro.com\/#\/schema\/logo\/image\/","url":"http:\/\/lasformasdellibro.com\/wp-content\/uploads\/2023\/01\/Las-formas-del-libro-01.png","contentUrl":"http:\/\/lasformasdellibro.com\/wp-content\/uploads\/2023\/01\/Las-formas-del-libro-01.png","width":1244,"height":309,"caption":"Las formas del libro"},"image":{"@id":"http:\/\/lasformasdellibro.com\/#\/schema\/logo\/image\/"},"sameAs":["https:\/\/www.facebook.com\/Las-formas-del-libro-102317785840531","https:\/\/twitter.com\/formasdel_libro","http:\/\/www.instagram.com\/formasdel_libro","https:\/\/www.youtube.com\/@lasformasdellibro","https:\/\/t.me\/lasformasdellibro"]}]}},"_links":{"self":[{"href":"http:\/\/lasformasdellibro.com\/index.php?rest_route=\/wp\/v2\/video_skrn\/1258"}],"collection":[{"href":"http:\/\/lasformasdellibro.com\/index.php?rest_route=\/wp\/v2\/video_skrn"}],"about":[{"href":"http:\/\/lasformasdellibro.com\/index.php?rest_route=\/wp\/v2\/types\/video_skrn"}],"replies":[{"embeddable":true,"href":"http:\/\/lasformasdellibro.com\/index.php?rest_route=%2Fwp%2Fv2%2Fcomments&post=1258"}],"wp:featuredmedia":[{"embeddable":true,"href":"http:\/\/lasformasdellibro.com\/index.php?rest_route=\/wp\/v2\/media\/1259"}],"wp:attachment":[{"href":"http:\/\/lasformasdellibro.com\/index.php?rest_route=%2Fwp%2Fv2%2Fmedia&parent=1258"}],"wp:term":[{"taxonomy":"video-type","embeddable":true,"href":"http:\/\/lasformasdellibro.com\/index.php?rest_route=%2Fwp%2Fv2%2Fvideo-type&post=1258"},{"taxonomy":"video-genres","embeddable":true,"href":"http:\/\/lasformasdellibro.com\/index.php?rest_route=%2Fwp%2Fv2%2Fvideo-genres&post=1258"},{"taxonomy":"video-category","embeddable":true,"href":"http:\/\/lasformasdellibro.com\/index.php?rest_route=%2Fwp%2Fv2%2Fvideo-category&post=1258"},{"taxonomy":"video-cast","embeddable":true,"href":"http:\/\/lasformasdellibro.com\/index.php?rest_route=%2Fwp%2Fv2%2Fvideo-cast&post=1258"},{"taxonomy":"video-director","embeddable":true,"href":"http:\/\/lasformasdellibro.com\/index.php?rest_route=%2Fwp%2Fv2%2Fvideo-director&post=1258"}],"curies":[{"name":"wp","href":"https:\/\/api.w.org\/{rel}","templated":true}]}}

<p>Narrar —y charlar, también— es parte fundamental en la vida del escritor argentino Vicente Battista. En conversación con Raúl Cazal en Las formas del libro hizo un paseo por su obra y sus contemporáneos. </p>



<p>Las formas del libro | Episodio 57 </p>



<p>Dirección y conducción: Raúl Cazal <br>Edición, cámara y sonido: Juan José Espinoza <br>Cámaras: Abraxas Iribarren e Igor Rojas. <br>Música: Pedro Marín</p>

<p>Narrar —y charlar, también— es parte fundamental en la vida del escritor argentino Vicente Battista. En conversación con Raúl Cazal en Las formas del libro hizo un paseo por su obra y sus contemporáneos.</p>

<!-- This site is optimized with the Yoast SEO plugin v20.6 - https://yoast.com/wordpress/plugins/seo/ -->
<title>Vicente Battista | Las formas del libro</title>
<meta name="description" content="Narrar —y charlar, también— es parte fundamental en la vida del escritor argentino Vicente Battista. En conversación con Raúl Cazal en Las formas del libro hizo un paseo por su obra y sus contemporáneos." />
<meta name="robots" content="index, follow, max-snippet:-1, max-image-preview:large, max-video-preview:-1" />
<link rel="canonical" href="http://lasformasdellibro.com/?video_skrn=vicente-battista" />
<meta property="og:locale" content="es_ES" />
<meta property="og:type" content="article" />
<meta property="og:title" content="Vicente Battista | Las formas del libro | Episodio 57" />
<meta property="og:description" content="Narrar —y charlar, también— es parte fundamental en la vida del escritor argentino Vicente Battista. En conversación con Raúl Cazal en Las formas del libro hizo un paseo por su obra y sus contemporáneos." />
<meta property="og:url" content="http://lasformasdellibro.com/?video_skrn=vicente-battista" />
<meta property="og:site_name" content="Las formas del libro" />
<meta property="article:publisher" content="https://www.facebook.com/Las-formas-del-libro-102317785840531" />
<meta property="article:modified_time" content="2025-09-12T22:02:18+00:00" />
<meta property="og:image" content="http://lasformasdellibro.com/wp-content/uploads/2025/08/Vicente-Battista-YT.jpg" />
	<meta property="og:image:width" content="1280" />
	<meta property="og:image:height" content="720" />
	<meta property="og:image:type" content="image/jpeg" />
<meta name="twitter:card" content="summary_large_image" />
<meta name="twitter:title" content="Vicente Battista | Las formas del libro | Episodio 57" />
<meta name="twitter:description" content="Narrar —y charlar, también— es parte fundamental en la vida del escritor argentino Vicente Battista. En conversación con Raúl Cazal en Las formas del libro hizo un paseo por su obra y sus contemporáneos." />
<meta name="twitter:image" content="http://lasformasdellibro.com/wp-content/uploads/2025/08/Vicente-Battista-YT.jpg" />
<meta name="twitter:site" content="@formasdel_libro" />
<meta name="twitter:label1" content="Tiempo de lectura" />
	<meta name="twitter:data1" content="1 minuto" />
<script type="application/ld+json" class="yoast-schema-graph">{"@context":"https://schema.org","@graph":[{"@type":"WebPage","@id":"http://lasformasdellibro.com/?video_skrn=vicente-battista","url":"http://lasformasdellibro.com/?video_skrn=vicente-battista","name":"Vicente Battista | Las formas del libro","isPartOf":{"@id":"http://lasformasdellibro.com/#website"},"datePublished":"2025-08-26T14:00:00+00:00","dateModified":"2025-09-12T22:02:18+00:00","description":"Narrar —y charlar, también— es parte fundamental en la vida del escritor argentino Vicente Battista. En conversación con Raúl Cazal en Las formas del libro hizo un paseo por su obra y sus contemporáneos.","breadcrumb":{"@id":"http://lasformasdellibro.com/?video_skrn=vicente-battista#breadcrumb"},"inLanguage":"es","potentialAction":[{"@type":"ReadAction","target":["http://lasformasdellibro.com/?video_skrn=vicente-battista"]}]},{"@type":"BreadcrumbList","@id":"http://lasformasdellibro.com/?video_skrn=vicente-battista#breadcrumb","itemListElement":[{"@type":"ListItem","position":1,"name":"Home","item":"http://lasformasdellibro.com/"},{"@type":"ListItem","position":2,"name":"Videos","item":"http://lasformasdellibro.com/?post_type=video_skrn"},{"@type":"ListItem","position":3,"name":"Vicente Battista"}]},{"@type":"WebSite","@id":"http://lasformasdellibro.com/#website","url":"http://lasformasdellibro.com/","name":"Las formas del libro","description":"Leer para conversar, pensar, analizar, reflexionar, vivir. Dirigido y conducido por Raúl Cazal. Una producción del Centro Nacional del Libro de Venezuela.","publisher":{"@id":"http://lasformasdellibro.com/#organization"},"potentialAction":[{"@type":"SearchAction","target":{"@type":"EntryPoint","urlTemplate":"http://lasformasdellibro.com/?s={search_term_string}"},"query-input":"required name=search_term_string"}],"inLanguage":"es"},{"@type":"Organization","@id":"http://lasformasdellibro.com/#organization","name":"Las formas del libro","url":"http://lasformasdellibro.com/","logo":{"@type":"ImageObject","inLanguage":"es","@id":"http://lasformasdellibro.com/#/schema/logo/image/","url":"http://lasformasdellibro.com/wp-content/uploads/2023/01/Las-formas-del-libro-01.png","contentUrl":"http://lasformasdellibro.com/wp-content/uploads/2023/01/Las-formas-del-libro-01.png","width":1244,"height":309,"caption":"Las formas del libro"},"image":{"@id":"http://lasformasdellibro.com/#/schema/logo/image/"},"sameAs":["https://www.facebook.com/Las-formas-del-libro-102317785840531","https://twitter.com/formasdel_libro","http://www.instagram.com/formasdel_libro","https://www.youtube.com/@lasformasdellibro","https://t.me/lasformasdellibro"]}]}</script>
<!-- / Yoast SEO plugin. -->

Narrar —y charlar, también— es parte fundamental en la vida del escritor argentino Vicente Battista. En conversación con Raúl Cazal en Las formas del libro hizo un paseo por su obra y sus contemporáneos.

Leer para conversar, pensar, analizar, reflexionar, vivir. Dirigido y conducido por Raúl Cazal. Una producción del Centro Nacional del Libro de Venezuela.
