{"id":973,"date":"2023-08-01T19:52:08","date_gmt":"2023-08-01T23:52:08","guid":{"rendered":"http:\/\/lasformasdellibro.com\/?post_type=video_skrn&#038;p=973"},"modified":"2023-08-04T16:11:47","modified_gmt":"2023-08-04T20:11:47","slug":"leopoldo-teuco-castilla","status":"publish","type":"video_skrn","link":"http:\/\/lasformasdellibro.com\/?video_skrn=leopoldo-teuco-castilla","title":{"rendered":"Leopoldo \u201cTeuco\u201d Castilla"},"content":{"rendered":"\n<p>Un poeta preocupado por la naturaleza, ese es Teuco Castilla. Convocado por el Festival Mundial de Poes\u00eda, estuvo en Caracas y Trujillo con sus poemas, pero logramos que en su agitada agenda conversara con Ra\u00fal Cazal en <strong>Las formas del libro<\/strong><\/p>\n\n\n\n<p><strong>Las formas del libro | Episodio 33<br><\/strong><em>Direcci\u00f3n y conducci\u00f3n:&nbsp;<\/em>Ra\u00fal Cazal&nbsp;<br><em>Producci\u00f3n y edici\u00f3n:&nbsp;<\/em>Susana Segovia Gana&nbsp;<br><em>Fotograf\u00eda y sonido:&nbsp;<\/em>Juan Castillo&nbsp;<br><em>C\u00e1maras:&nbsp;<\/em>Karel Mikhail Garc\u00eda y Eduardo Rodr\u00edguez&nbsp;<br><em>M\u00fasica:&nbsp;<\/em>Pedro Mar\u00edn&nbsp;<br><em>Fotofija:&nbsp;<\/em>Gabriela Materano<br><em>Redes sociales:&nbsp;<\/em>Sharon Lara<br><em>Agradecimientos:<\/em>&nbsp;Hotel Eurobuilding<\/p>\n","protected":false},"excerpt":{"rendered":"<p>Un poeta preocupado por la naturaleza, ese es Teuco Castilla. Convocado por el Festival Mundial de Poes\u00eda, estuvo en Caracas y Trujillo con sus poemas, pero logramos que en su agitada agenda conversara con Ra\u00fal Cazal en Las formas del libro<\/p>\n","protected":false},"featured_media":974,"comment_status":"open","ping_status":"closed","template":"","video-type":[4],"video-genres":[],"video-category":[27],"video-cast":[],"video-director":[],"yoast_head":"<!-- This site is optimized with the Yoast SEO plugin v20.6 - https:\/\/yoast.com\/wordpress\/plugins\/seo\/ -->\n<title>Leopoldo \u201cTeuco\u201d Castilla | Las formas del libro<\/title>\n<meta name=\"description\" content=\"Un poeta preocupado por la naturaleza, ese es Teuco Castilla. Convocado por el Festival Mundial de Poes\u00eda, estuvo en Caracas y Trujillo con sus poemas, pero logramos que en su agitada agenda conversara con Ra\u00fal Cazal en Las formas del libro\" \/>\n<meta name=\"robots\" content=\"index, follow, max-snippet:-1, max-image-preview:large, max-video-preview:-1\" \/>\n<link rel=\"canonical\" href=\"http:\/\/lasformasdellibro.com\/?video_skrn=leopoldo-teuco-castilla\" \/>\n<meta property=\"og:locale\" content=\"es_ES\" \/>\n<meta property=\"og:type\" content=\"article\" \/>\n<meta property=\"og:title\" content=\"Leopoldo \u201cTeuco\u201d Castilla | Las formas del libro | Episodio 33\" \/>\n<meta property=\"og:description\" content=\"Un poeta preocupado por la naturaleza, ese es Teuco Castilla. Convocado por el Festival Mundial de Poes\u00eda, estuvo en Caracas y Trujillo con sus poemas, pero logramos que en su agitada agenda conversara con Ra\u00fal Cazal en Las formas del libro\" \/>\n<meta property=\"og:url\" content=\"http:\/\/lasformasdellibro.com\/?video_skrn=leopoldo-teuco-castilla\" \/>\n<meta property=\"og:site_name\" content=\"Las formas del libro\" \/>\n<meta property=\"article:publisher\" content=\"https:\/\/www.facebook.com\/Las-formas-del-libro-102317785840531\" \/>\n<meta property=\"article:modified_time\" content=\"2023-08-04T20:11:47+00:00\" \/>\n<meta property=\"og:image\" content=\"http:\/\/lasformasdellibro.com\/wp-content\/uploads\/2023\/08\/Leopoldo-Teuco-Castilla.jpeg\" \/>\n\t<meta property=\"og:image:width\" content=\"1280\" \/>\n\t<meta property=\"og:image:height\" content=\"720\" \/>\n\t<meta property=\"og:image:type\" content=\"image\/jpeg\" \/>\n<meta name=\"twitter:card\" content=\"summary_large_image\" \/>\n<meta name=\"twitter:title\" content=\"Leopoldo \u201cTeuco\u201d Castilla | Las formas del libro | Episodio 33\" \/>\n<meta name=\"twitter:description\" content=\"Un poeta preocupado por la naturaleza, ese es Teuco Castilla. Convocado por el Festival Mundial de Poes\u00eda, estuvo en Caracas y Trujillo con sus poemas, pero logramos que en su agitada agenda conversara con Ra\u00fal Cazal en Las formas del libro\" \/>\n<meta name=\"twitter:site\" content=\"@formasdel_libro\" \/>\n<meta name=\"twitter:label1\" content=\"Tiempo de lectura\" \/>\n\t<meta name=\"twitter:data1\" content=\"1 minuto\" \/>\n<script type=\"application\/ld+json\" class=\"yoast-schema-graph\">{\"@context\":\"https:\/\/schema.org\",\"@graph\":[{\"@type\":\"WebPage\",\"@id\":\"http:\/\/lasformasdellibro.com\/?video_skrn=leopoldo-teuco-castilla\",\"url\":\"http:\/\/lasformasdellibro.com\/?video_skrn=leopoldo-teuco-castilla\",\"name\":\"Leopoldo \u201cTeuco\u201d Castilla | Las formas del libro\",\"isPartOf\":{\"@id\":\"http:\/\/lasformasdellibro.com\/#website\"},\"datePublished\":\"2023-08-01T23:52:08+00:00\",\"dateModified\":\"2023-08-04T20:11:47+00:00\",\"description\":\"Un poeta preocupado por la naturaleza, ese es Teuco Castilla. Convocado por el Festival Mundial de Poes\u00eda, estuvo en Caracas y Trujillo con sus poemas, pero logramos que en su agitada agenda conversara con Ra\u00fal Cazal en Las formas del libro\",\"breadcrumb\":{\"@id\":\"http:\/\/lasformasdellibro.com\/?video_skrn=leopoldo-teuco-castilla#breadcrumb\"},\"inLanguage\":\"es\",\"potentialAction\":[{\"@type\":\"ReadAction\",\"target\":[\"http:\/\/lasformasdellibro.com\/?video_skrn=leopoldo-teuco-castilla\"]}]},{\"@type\":\"BreadcrumbList\",\"@id\":\"http:\/\/lasformasdellibro.com\/?video_skrn=leopoldo-teuco-castilla#breadcrumb\",\"itemListElement\":[{\"@type\":\"ListItem\",\"position\":1,\"name\":\"Home\",\"item\":\"http:\/\/lasformasdellibro.com\/\"},{\"@type\":\"ListItem\",\"position\":2,\"name\":\"Videos\",\"item\":\"http:\/\/lasformasdellibro.com\/?post_type=video_skrn\"},{\"@type\":\"ListItem\",\"position\":3,\"name\":\"Leopoldo \u201cTeuco\u201d Castilla\"}]},{\"@type\":\"WebSite\",\"@id\":\"http:\/\/lasformasdellibro.com\/#website\",\"url\":\"http:\/\/lasformasdellibro.com\/\",\"name\":\"Las formas del libro\",\"description\":\"Leer para conversar, pensar, analizar, reflexionar, vivir. Dirigido y conducido por Ra\u00fal Cazal. Una producci\u00f3n del Centro Nacional del Libro\u00a0de\u00a0Venezuela.\",\"publisher\":{\"@id\":\"http:\/\/lasformasdellibro.com\/#organization\"},\"potentialAction\":[{\"@type\":\"SearchAction\",\"target\":{\"@type\":\"EntryPoint\",\"urlTemplate\":\"http:\/\/lasformasdellibro.com\/?s={search_term_string}\"},\"query-input\":\"required name=search_term_string\"}],\"inLanguage\":\"es\"},{\"@type\":\"Organization\",\"@id\":\"http:\/\/lasformasdellibro.com\/#organization\",\"name\":\"Las formas del libro\",\"url\":\"http:\/\/lasformasdellibro.com\/\",\"logo\":{\"@type\":\"ImageObject\",\"inLanguage\":\"es\",\"@id\":\"http:\/\/lasformasdellibro.com\/#\/schema\/logo\/image\/\",\"url\":\"http:\/\/lasformasdellibro.com\/wp-content\/uploads\/2023\/01\/Las-formas-del-libro-01.png\",\"contentUrl\":\"http:\/\/lasformasdellibro.com\/wp-content\/uploads\/2023\/01\/Las-formas-del-libro-01.png\",\"width\":1244,\"height\":309,\"caption\":\"Las formas del libro\"},\"image\":{\"@id\":\"http:\/\/lasformasdellibro.com\/#\/schema\/logo\/image\/\"},\"sameAs\":[\"https:\/\/www.facebook.com\/Las-formas-del-libro-102317785840531\",\"https:\/\/twitter.com\/formasdel_libro\",\"http:\/\/www.instagram.com\/formasdel_libro\",\"https:\/\/www.youtube.com\/@lasformasdellibro\",\"https:\/\/t.me\/lasformasdellibro\"]}]}<\/script>\n<!-- \/ Yoast SEO plugin. -->","yoast_head_json":{"title":"Leopoldo \u201cTeuco\u201d Castilla | Las formas del libro","description":"Un poeta preocupado por la naturaleza, ese es Teuco Castilla. Convocado por el Festival Mundial de Poes\u00eda, estuvo en Caracas y Trujillo con sus poemas, pero logramos que en su agitada agenda conversara con Ra\u00fal Cazal en Las formas del libro","robots":{"index":"index","follow":"follow","max-snippet":"max-snippet:-1","max-image-preview":"max-image-preview:large","max-video-preview":"max-video-preview:-1"},"canonical":"http:\/\/lasformasdellibro.com\/?video_skrn=leopoldo-teuco-castilla","og_locale":"es_ES","og_type":"article","og_title":"Leopoldo \u201cTeuco\u201d Castilla | Las formas del libro | Episodio 33","og_description":"Un poeta preocupado por la naturaleza, ese es Teuco Castilla. Convocado por el Festival Mundial de Poes\u00eda, estuvo en Caracas y Trujillo con sus poemas, pero logramos que en su agitada agenda conversara con Ra\u00fal Cazal en Las formas del libro","og_url":"http:\/\/lasformasdellibro.com\/?video_skrn=leopoldo-teuco-castilla","og_site_name":"Las formas del libro","article_publisher":"https:\/\/www.facebook.com\/Las-formas-del-libro-102317785840531","article_modified_time":"2023-08-04T20:11:47+00:00","og_image":[{"width":1280,"height":720,"url":"http:\/\/lasformasdellibro.com\/wp-content\/uploads\/2023\/08\/Leopoldo-Teuco-Castilla.jpeg","type":"image\/jpeg"}],"twitter_card":"summary_large_image","twitter_title":"Leopoldo \u201cTeuco\u201d Castilla | Las formas del libro | Episodio 33","twitter_description":"Un poeta preocupado por la naturaleza, ese es Teuco Castilla. Convocado por el Festival Mundial de Poes\u00eda, estuvo en Caracas y Trujillo con sus poemas, pero logramos que en su agitada agenda conversara con Ra\u00fal Cazal en Las formas del libro","twitter_site":"@formasdel_libro","twitter_misc":{"Tiempo de lectura":"1 minuto"},"schema":{"@context":"https:\/\/schema.org","@graph":[{"@type":"WebPage","@id":"http:\/\/lasformasdellibro.com\/?video_skrn=leopoldo-teuco-castilla","url":"http:\/\/lasformasdellibro.com\/?video_skrn=leopoldo-teuco-castilla","name":"Leopoldo \u201cTeuco\u201d Castilla | Las formas del libro","isPartOf":{"@id":"http:\/\/lasformasdellibro.com\/#website"},"datePublished":"2023-08-01T23:52:08+00:00","dateModified":"2023-08-04T20:11:47+00:00","description":"Un poeta preocupado por la naturaleza, ese es Teuco Castilla. Convocado por el Festival Mundial de Poes\u00eda, estuvo en Caracas y Trujillo con sus poemas, pero logramos que en su agitada agenda conversara con Ra\u00fal Cazal en Las formas del libro","breadcrumb":{"@id":"http:\/\/lasformasdellibro.com\/?video_skrn=leopoldo-teuco-castilla#breadcrumb"},"inLanguage":"es","potentialAction":[{"@type":"ReadAction","target":["http:\/\/lasformasdellibro.com\/?video_skrn=leopoldo-teuco-castilla"]}]},{"@type":"BreadcrumbList","@id":"http:\/\/lasformasdellibro.com\/?video_skrn=leopoldo-teuco-castilla#breadcrumb","itemListElement":[{"@type":"ListItem","position":1,"name":"Home","item":"http:\/\/lasformasdellibro.com\/"},{"@type":"ListItem","position":2,"name":"Videos","item":"http:\/\/lasformasdellibro.com\/?post_type=video_skrn"},{"@type":"ListItem","position":3,"name":"Leopoldo \u201cTeuco\u201d Castilla"}]},{"@type":"WebSite","@id":"http:\/\/lasformasdellibro.com\/#website","url":"http:\/\/lasformasdellibro.com\/","name":"Las formas del libro","description":"Leer para conversar, pensar, analizar, reflexionar, vivir. Dirigido y conducido por Ra\u00fal Cazal. Una producci\u00f3n del Centro Nacional del Libro\u00a0de\u00a0Venezuela.","publisher":{"@id":"http:\/\/lasformasdellibro.com\/#organization"},"potentialAction":[{"@type":"SearchAction","target":{"@type":"EntryPoint","urlTemplate":"http:\/\/lasformasdellibro.com\/?s={search_term_string}"},"query-input":"required name=search_term_string"}],"inLanguage":"es"},{"@type":"Organization","@id":"http:\/\/lasformasdellibro.com\/#organization","name":"Las formas del libro","url":"http:\/\/lasformasdellibro.com\/","logo":{"@type":"ImageObject","inLanguage":"es","@id":"http:\/\/lasformasdellibro.com\/#\/schema\/logo\/image\/","url":"http:\/\/lasformasdellibro.com\/wp-content\/uploads\/2023\/01\/Las-formas-del-libro-01.png","contentUrl":"http:\/\/lasformasdellibro.com\/wp-content\/uploads\/2023\/01\/Las-formas-del-libro-01.png","width":1244,"height":309,"caption":"Las formas del libro"},"image":{"@id":"http:\/\/lasformasdellibro.com\/#\/schema\/logo\/image\/"},"sameAs":["https:\/\/www.facebook.com\/Las-formas-del-libro-102317785840531","https:\/\/twitter.com\/formasdel_libro","http:\/\/www.instagram.com\/formasdel_libro","https:\/\/www.youtube.com\/@lasformasdellibro","https:\/\/t.me\/lasformasdellibro"]}]}},"_links":{"self":[{"href":"http:\/\/lasformasdellibro.com\/index.php?rest_route=\/wp\/v2\/video_skrn\/973"}],"collection":[{"href":"http:\/\/lasformasdellibro.com\/index.php?rest_route=\/wp\/v2\/video_skrn"}],"about":[{"href":"http:\/\/lasformasdellibro.com\/index.php?rest_route=\/wp\/v2\/types\/video_skrn"}],"replies":[{"embeddable":true,"href":"http:\/\/lasformasdellibro.com\/index.php?rest_route=%2Fwp%2Fv2%2Fcomments&post=973"}],"wp:featuredmedia":[{"embeddable":true,"href":"http:\/\/lasformasdellibro.com\/index.php?rest_route=\/wp\/v2\/media\/974"}],"wp:attachment":[{"href":"http:\/\/lasformasdellibro.com\/index.php?rest_route=%2Fwp%2Fv2%2Fmedia&parent=973"}],"wp:term":[{"taxonomy":"video-type","embeddable":true,"href":"http:\/\/lasformasdellibro.com\/index.php?rest_route=%2Fwp%2Fv2%2Fvideo-type&post=973"},{"taxonomy":"video-genres","embeddable":true,"href":"http:\/\/lasformasdellibro.com\/index.php?rest_route=%2Fwp%2Fv2%2Fvideo-genres&post=973"},{"taxonomy":"video-category","embeddable":true,"href":"http:\/\/lasformasdellibro.com\/index.php?rest_route=%2Fwp%2Fv2%2Fvideo-category&post=973"},{"taxonomy":"video-cast","embeddable":true,"href":"http:\/\/lasformasdellibro.com\/index.php?rest_route=%2Fwp%2Fv2%2Fvideo-cast&post=973"},{"taxonomy":"video-director","embeddable":true,"href":"http:\/\/lasformasdellibro.com\/index.php?rest_route=%2Fwp%2Fv2%2Fvideo-director&post=973"}],"curies":[{"name":"wp","href":"https:\/\/api.w.org\/{rel}","templated":true}]}}

<p>Un poeta preocupado por la naturaleza, ese es Teuco Castilla. Convocado por el Festival Mundial de Poesía, estuvo en Caracas y Trujillo con sus poemas, pero logramos que en su agitada agenda conversara con Raúl Cazal en <strong>Las formas del libro</strong></p>



<p><strong>Las formas del libro | Episodio 33<br></strong><em>Dirección y conducción:&nbsp;</em>Raúl Cazal&nbsp;<br><em>Producción y edición:&nbsp;</em>Susana Segovia Gana&nbsp;<br><em>Fotografía y sonido:&nbsp;</em>Juan Castillo&nbsp;<br><em>Cámaras:&nbsp;</em>Karel Mikhail García y Eduardo Rodríguez&nbsp;<br><em>Música:&nbsp;</em>Pedro Marín&nbsp;<br><em>Fotofija:&nbsp;</em>Gabriela Materano<br><em>Redes sociales:&nbsp;</em>Sharon Lara<br><em>Agradecimientos:</em>&nbsp;Hotel Eurobuilding</p>

<p>Un poeta preocupado por la naturaleza, ese es Teuco Castilla. Convocado por el Festival Mundial de Poesía, estuvo en Caracas y Trujillo con sus poemas, pero logramos que en su agitada agenda conversara con Raúl Cazal en Las formas del libro</p>

<!-- This site is optimized with the Yoast SEO plugin v20.6 - https://yoast.com/wordpress/plugins/seo/ -->
<title>Leopoldo “Teuco” Castilla | Las formas del libro</title>
<meta name="description" content="Un poeta preocupado por la naturaleza, ese es Teuco Castilla. Convocado por el Festival Mundial de Poesía, estuvo en Caracas y Trujillo con sus poemas, pero logramos que en su agitada agenda conversara con Raúl Cazal en Las formas del libro" />
<meta name="robots" content="index, follow, max-snippet:-1, max-image-preview:large, max-video-preview:-1" />
<link rel="canonical" href="http://lasformasdellibro.com/?video_skrn=leopoldo-teuco-castilla" />
<meta property="og:locale" content="es_ES" />
<meta property="og:type" content="article" />
<meta property="og:title" content="Leopoldo “Teuco” Castilla | Las formas del libro | Episodio 33" />
<meta property="og:description" content="Un poeta preocupado por la naturaleza, ese es Teuco Castilla. Convocado por el Festival Mundial de Poesía, estuvo en Caracas y Trujillo con sus poemas, pero logramos que en su agitada agenda conversara con Raúl Cazal en Las formas del libro" />
<meta property="og:url" content="http://lasformasdellibro.com/?video_skrn=leopoldo-teuco-castilla" />
<meta property="og:site_name" content="Las formas del libro" />
<meta property="article:publisher" content="https://www.facebook.com/Las-formas-del-libro-102317785840531" />
<meta property="article:modified_time" content="2023-08-04T20:11:47+00:00" />
<meta property="og:image" content="http://lasformasdellibro.com/wp-content/uploads/2023/08/Leopoldo-Teuco-Castilla.jpeg" />
	<meta property="og:image:width" content="1280" />
	<meta property="og:image:height" content="720" />
	<meta property="og:image:type" content="image/jpeg" />
<meta name="twitter:card" content="summary_large_image" />
<meta name="twitter:title" content="Leopoldo “Teuco” Castilla | Las formas del libro | Episodio 33" />
<meta name="twitter:description" content="Un poeta preocupado por la naturaleza, ese es Teuco Castilla. Convocado por el Festival Mundial de Poesía, estuvo en Caracas y Trujillo con sus poemas, pero logramos que en su agitada agenda conversara con Raúl Cazal en Las formas del libro" />
<meta name="twitter:site" content="@formasdel_libro" />
<meta name="twitter:label1" content="Tiempo de lectura" />
	<meta name="twitter:data1" content="1 minuto" />
<script type="application/ld+json" class="yoast-schema-graph">{"@context":"https://schema.org","@graph":[{"@type":"WebPage","@id":"http://lasformasdellibro.com/?video_skrn=leopoldo-teuco-castilla","url":"http://lasformasdellibro.com/?video_skrn=leopoldo-teuco-castilla","name":"Leopoldo “Teuco” Castilla | Las formas del libro","isPartOf":{"@id":"http://lasformasdellibro.com/#website"},"datePublished":"2023-08-01T23:52:08+00:00","dateModified":"2023-08-04T20:11:47+00:00","description":"Un poeta preocupado por la naturaleza, ese es Teuco Castilla. Convocado por el Festival Mundial de Poesía, estuvo en Caracas y Trujillo con sus poemas, pero logramos que en su agitada agenda conversara con Raúl Cazal en Las formas del libro","breadcrumb":{"@id":"http://lasformasdellibro.com/?video_skrn=leopoldo-teuco-castilla#breadcrumb"},"inLanguage":"es","potentialAction":[{"@type":"ReadAction","target":["http://lasformasdellibro.com/?video_skrn=leopoldo-teuco-castilla"]}]},{"@type":"BreadcrumbList","@id":"http://lasformasdellibro.com/?video_skrn=leopoldo-teuco-castilla#breadcrumb","itemListElement":[{"@type":"ListItem","position":1,"name":"Home","item":"http://lasformasdellibro.com/"},{"@type":"ListItem","position":2,"name":"Videos","item":"http://lasformasdellibro.com/?post_type=video_skrn"},{"@type":"ListItem","position":3,"name":"Leopoldo “Teuco” Castilla"}]},{"@type":"WebSite","@id":"http://lasformasdellibro.com/#website","url":"http://lasformasdellibro.com/","name":"Las formas del libro","description":"Leer para conversar, pensar, analizar, reflexionar, vivir. Dirigido y conducido por Raúl Cazal. Una producción del Centro Nacional del Libro de Venezuela.","publisher":{"@id":"http://lasformasdellibro.com/#organization"},"potentialAction":[{"@type":"SearchAction","target":{"@type":"EntryPoint","urlTemplate":"http://lasformasdellibro.com/?s={search_term_string}"},"query-input":"required name=search_term_string"}],"inLanguage":"es"},{"@type":"Organization","@id":"http://lasformasdellibro.com/#organization","name":"Las formas del libro","url":"http://lasformasdellibro.com/","logo":{"@type":"ImageObject","inLanguage":"es","@id":"http://lasformasdellibro.com/#/schema/logo/image/","url":"http://lasformasdellibro.com/wp-content/uploads/2023/01/Las-formas-del-libro-01.png","contentUrl":"http://lasformasdellibro.com/wp-content/uploads/2023/01/Las-formas-del-libro-01.png","width":1244,"height":309,"caption":"Las formas del libro"},"image":{"@id":"http://lasformasdellibro.com/#/schema/logo/image/"},"sameAs":["https://www.facebook.com/Las-formas-del-libro-102317785840531","https://twitter.com/formasdel_libro","http://www.instagram.com/formasdel_libro","https://www.youtube.com/@lasformasdellibro","https://t.me/lasformasdellibro"]}]}</script>
<!-- / Yoast SEO plugin. -->

Un poeta preocupado por la naturaleza, ese es Teuco Castilla. Convocado por el Festival Mundial de Poesía, estuvo en Caracas y Trujillo con sus poemas, pero logramos que en su agitada agenda conversara con Raúl Cazal en Las formas del libro

Leer para conversar, pensar, analizar, reflexionar, vivir. Dirigido y conducido por Raúl Cazal. Una producción del Centro Nacional del Libro de Venezuela.
